{"id":9,"date":"2020-04-26T16:00:11","date_gmt":"2020-04-26T16:00:11","guid":{"rendered":"https:\/\/krokpokrokuhsa.pl\/?page_id=8"},"modified":"2023-03-18T23:09:07","modified_gmt":"2023-03-18T23:09:07","slug":"kontakt","status":"publish","type":"page","link":"https:\/\/krokpokrokuhsa.pl\/?page_id=9","title":{"rendered":"Kontakt"},"content":{"rendered":"\n<p><strong>Krok po kroku HSA Stowarzyszenie z siedzib\u0105 w Pile<\/strong><br>Al. Niepodleg\u0142o\u015bci 98c<br>64-920 Pi\u0142a<\/p>\n\n\n\n<iframe loading=\"lazy\" src=\"https:\/\/www.google.com\/maps\/embed?pb=!1m18!1m12!1m3!1d2011.3571531424525!2d16.736247357428383!3d53.1654704470381!2m3!1f0!2f0!3f0!3m2!1i1024!2i768!4f13.1!3m3!1m2!1s0x4703e6a8154fa1c5%3A0x56e50a42a2ad7cd6!2zYWxlamEgTmllcG9kbGVnxYJvxZtjaSA5OCwgNjQtOTIwIFBpxYJh!5e0!3m2!1spl!2spl!4v1587918565978!5m2!1spl!2spl\" style=\"border:0;\" allowfullscreen=\"\" aria-hidden=\"false\" tabindex=\"0\" width=\"200\" height=\"50\" frameborder=\"0\"><\/iframe>\n\n\n\n<p><strong>P\u0142ywaj\u0105ca Baza Nurkowa i Rehabilitacyjna<\/strong><\/p>\n\n\n\n<iframe loading=\"lazy\" src=\"https:\/\/www.google.com\/maps\/embed?pb=!1m18!1m12!1m3!1d2391.119706444392!2d16.824810515363374!3d53.17983247994442!2m3!1f0!2f0!3f0!3m2!1i1024!2i768!4f13.1!3m3!1m2!1s0x0%3A0x0!2zNTPCsDEwJzQ3LjQiTiAxNsKwNDknMzcuMiJF!5e0!3m2!1spl!2spl!4v1587919792530!5m2!1spl!2spl\" style=\"border:0;\" allowfullscreen=\"\" aria-hidden=\"false\" tabindex=\"0\" width=\"200\" height=\"50\" frameborder=\"0\"><\/iframe>\n\n\n\n<p><strong>EKS58 &#8211; Ewidencja Klub\u00f3w Sportowych w formie Stowarzysze\u0144 \/ Starostwo Powiatowe w Pile<\/strong><\/p>\n\n\n\n<p><strong>NIP<\/strong> 764 267 10 53<br><strong>REGON<\/strong> 363182942<\/p>\n\n\n\n<p><strong>Zarz\u0105d:<\/strong><\/p>\n\n\n\n<p><strong>Krzysztof Trawi\u0144ski<\/strong> \u2013 Prezes Stowarzyszenia<br>tel. +48 503 189 349<\/p>\n\n\n\n<p>e-mail: <a href=\"mailto:krokpokrokuhsa@wp.pl\">krokpokrokuhsa@wp.pl<\/a><\/p>\n\n\n\n<p><strong>Rachunek bankowy:<\/strong><br>73 2030 0045 1110 0000 0419 6660<br>(Bank BNP Paribas Polska S.A.)<\/p>\n\n\n\n<p><\/p>\n","protected":false},"excerpt":{"rendered":"<p>Krok po kroku HSA Stowarzyszenie z siedzib\u0105 w PileAl. Niepodleg\u0142o\u015bci 98c64-920 Pi\u0142a P\u0142ywaj\u0105ca Baza Nurkowa i Rehabilitacyjna EKS58 &#8211; Ewidencja Klub\u00f3w Sportowych w formie Stowarzysze\u0144 \/ Starostwo Powiatowe w Pile NIP 764 267 10 53REGON 363182942 Zarz\u0105d: Krzysztof Trawi\u0144ski \u2013 Prezes Stowarzyszeniatel. +48 503 189 349 e-mail: krokpokrokuhsa@wp.pl Rachunek bankowy:73 2030 0045 1110 0000 0419 [&hellip;]<\/p>\n","protected":false},"author":1,"featured_media":0,"parent":0,"menu_order":0,"comment_status":"closed","ping_status":"closed","template":"","meta":{"footnotes":""},"class_list":["post-9","page","type-page","status-publish","hentry"],"_links":{"self":[{"href":"https:\/\/krokpokrokuhsa.pl\/index.php?rest_route=\/wp\/v2\/pages\/9","targetHints":{"allow":["GET"]}}],"collection":[{"href":"https:\/\/krokpokrokuhsa.pl\/index.php?rest_route=\/wp\/v2\/pages"}],"about":[{"href":"https:\/\/krokpokrokuhsa.pl\/index.php?rest_route=\/wp\/v2\/types\/page"}],"author":[{"embeddable":true,"href":"https:\/\/krokpokrokuhsa.pl\/index.php?rest_route=\/wp\/v2\/users\/1"}],"replies":[{"embeddable":true,"href":"https:\/\/krokpokrokuhsa.pl\/index.php?rest_route=%2Fwp%2Fv2%2Fcomments&post=9"}],"version-history":[{"count":2,"href":"https:\/\/krokpokrokuhsa.pl\/index.php?rest_route=\/wp\/v2\/pages\/9\/revisions"}],"predecessor-version":[{"id":94,"href":"https:\/\/krokpokrokuhsa.pl\/index.php?rest_route=\/wp\/v2\/pages\/9\/revisions\/94"}],"wp:attachment":[{"href":"https:\/\/krokpokrokuhsa.pl\/index.php?rest_route=%2Fwp%2Fv2%2Fmedia&parent=9"}],"curies":[{"name":"wp","href":"https:\/\/api.w.org\/{rel}","templated":true}]}}